 218024?
1
What is the tens digit of 303082?
8
What is the tens digit of 333406?
0
What is the ten thousands digit of 318945?
1
What is the units digit of 6969426?
6
What is the hundred thousands digit of 1928575?
9
What is the units digit of 174644?
4
What is the ten thousands digit of 2052651?
5
What is the tens digit of 13382064?
6
What is the hundreds digit of 10930?
9
What is the ten thousands digit of 3156257?
5
What is the tens digit of 6056502?
0
What is the hundreds digit of 83993?
9
What is the hundred thousands digit of 2815226?
8
What is the ten millions digit of 31002152?
3
What is the hundreds digit of 439455?
4
What is the thousands digit of 7194385?
4
What is the units digit of 11991?
1
What is the thousands digit of 2641772?
1
What is the hundreds digit of 6584374?
3
What is the ten thousands digit of 12912727?
1
What is the thousands digit of 16914960?
4
What is the ten millions digit of 10890348?
1
What is the thousands digit of 502553?
2
What is the tens digit of 6376946?
4
What is the tens digit of 3269662?
6
What is the ten thousands digit of 102356?
0
What is the ten thousands digit of 4410892?
1
What is the millions digit of 2154355?
2
What is the hundred thousands digit of 14636497?
6
What is the hundred thousands digit of 181612?
1
What is the units digit of 403706?
6
What is the millions digit of 11414968?
1
What is the hundred thousands digit of 2223373?
2
What is the units digit of 64428?
8
What is the millions digit of 2308418?
2
What is the ten thousands digit of 191010?
9
What is the thousands digit of 2576172?
6
What is the tens digit of 660222?
2
What is the hundreds digit of 28050?
0
What is the thousands digit of 241328?
1
What is the tens digit of 8825116?
1
What is the ten thousands digit of 3980625?
8
What is the thousands digit of 1825470?
5
What is the hundreds digit of 122294?
2
What is the tens digit of 22159228?
2
What is the units digit of 303788?
8
What is the thousands digit of 3519423?
9
What is the thousands digit of 680352?
0
What is the units digit of 4547510?
0
What is the units digit of 4048267?
7
What is the thousands digit of 4135789?
5
What is the ten thousands digit of 608330?
0
What is the ten thousands digit of 711276?
1
What is the thousands digit of 223147?
3
What is the hundred thousands digit of 5888486?
8
What is the hundreds digit of 1581633?
6
What is the thousands digit of 250958?
0
What is the ten thousands digit of 2360098?
6
What is the hundreds digit of 551072?
0
What is the units digit of 39507?
7
What is the hundreds digit of 49169?
1
What is the tens digit of 9271670?
7
What is the hundred thousands digit of 4802361?
8
What is the ten thousands digit of 74051?
7
What is the millions digit of 3760921?
3
What is the hundred thousands digit of 113748?
1
What is the units digit of 395351?
1
What is the thousands digit of 1512878?
2
What is the thousands digit of 78211?
8
What is the ten thousands digit of 1333300?
3
What is the hundreds digit of 750963?
9
What is the tens digit of 9681052?
5
What is the hundreds digit of 66691?
6
What is the ten thousands digit of 148784?
4
What is the units digit of 5832112?
2
What is the hundreds digit of 10966384?
3
What is the ten thousands digit of 329234?
2
What is the units digit of 590703?
3
What is the millions digit of 27485524?
7
What is the ten thousands digit of 9602606?
0
What is the ten thousands digit of 6410147?
1
What is the hundreds digit of 4576098?
0
What is the millions digit of 10010673?
0
What is the hundreds digit of 18619668?
6
What is the hundreds digit of 20612?
6
What is the ten thousands digit of 1345591?
4
What is the units digit of 137066?
6
What is the millions digit of 2407565?
2
What is the thousands digit of 18042109?
2
What is the hundred thousands digit of 289907?
2
What is the thousands digit of 2094860?
4
What is the units digit of 1602222?
2
What is the units digit of 842193?
3
What is the millions digit of 2072385?
2
What is the tens digit of 13812?
1
What is the hundreds digit of 2036778?
7
What is the ten thousands digit of 11835392?
3
What is the hundred thousands digit of 15300907?
3
What is the hundreds digit of 98872?
8
What is the tens digit of 370814?
1
What is the thousands digit of 1031151?
1
What is the thousands digit of 461238?
1
What is the units digit of 1489914?
4
What is the thousands digit of 405792?
5
What is the ten thousands digit of 1020154?
2
What is the ten thousands digit of 106062?
0
What is the thousands digit of 38062851?
2
What is the ten thousands digit of 386116?
8
What is the units digit of 1218395?
5
What is the tens digit of 3486685?
8
What is the ten thousands digit of 33040?
3
What is the hundreds digit of 30938221?
2
What is the tens digit of 433327?
2
What is the ten thousands digit of 1249985?
4
What is the tens digit of 270301?
0
What is the hundred thousands digit of 1256770?
2
What is the millions digit of 2809464?
2
What is the hundreds digit of 575979?
9
What is the units digit of 8105369?
9
What is the ten thousands digit of 2778342?
7
What is the ten thousands digit of 303266?
0
What is the thousands digit of 1153941?
3
What is the hundred thousands digit of 12976811?
9
What is the hundreds digit of 893398?
3
What is the thousands digit of 360555?
0
What is the hundred thousands digit of 2766226?
7
What is the hundred thousands digit of 427954?
4
What is the thousands digit of 25322073?
2
What is the ten thousands digit of 1188336?
8
What is the units digit of 13957584?
4
What is the units digit of 424964?
4
What is the hundreds digit of 2750990?
9
What is the thousands digit of 150524?
0
What is the tens digit of 4069?
6
What is the hundreds digit of 285890?
8
What is the thousands digit of 2845820?
5
What is the units digit of 95935?
5
What is the ten thousands digit of 1394749?
9
What is the thousands digit of 3455449?
5
What is the hundred thousands digit of 335835?
3
What is the hundreds digit of 314976?
9
What is the hundred thousands digit of 1778180?
7
What is the hundreds digit of 23298?
2
What is the tens digit of 411321?
2
What is the millions digit of 19928444?
9
What is the units digit of 181814?
4
What is the hundred thousands digit of 3017448?
0
What is the thousands digit of 1148902?
8
What is the units digit of 471517?
7
What is the units digit of 153507?
7
What is the hundred thousands digit of 434733?
4
What is the hundreds digit of 3332941?
9
What is the tens digit of 5759135?
3
What is the hundred thousands digit of 1506790?
5
What is the thousands digit of 16686832?
6
What is the thousands digit of 70468?
0
What is the thousands digit of 1106948?
6
What is the ten thousands digit of 1726016?
2
What is the millions digit of 4218577?
4
What is the units digit of 840771?
1
What is the units digit of 541888?
8
What is the hundred thousands digit of 430416?
4
What is the tens digit of 418808?
0
What is the hundreds digit of 935049?
0
What is the thousands digit of 5332381?
2
What is the ten thousands digit of 167162?
6
What is the thousands digit of 1078151?
8
What is the ten thousands digit of 326474?
2
What is the ten thousands digit of 158130?
5
What is the thousands digit of 614847?
4
What is the tens digit of 1374359?
5
What is the hundred thousands digit of 2215811?
2
What is the millions digit of 5670549?
5
What is the units digit of 29823?
3
What is the millions digit of 20815999?
0
What is the tens digit of 23861?
6
What is the tens digit of 30941681?
8
What is the units digit of 1415463?
3
What is the hundreds digit of 26968061?
0
What is the tens digit of 328961?
6
What is the thousands digit of 7249646?
9
What is the units digit of 15096258?
8
What is the hundred thousands digit of 146892?
1
What is the millions digit of 4835560?
4
What is the ten thousands digit of 17843211?
4
What is the tens digit of 162646?
4
What is the thousands digit of 548742?
8
What is the units digit of 161119?
9
What is the hundred thousands digit of 3132132?
1
What is the thousands digit of 445639?
5
What is the tens digit of 353241?
4
What is the ten thousands digit of 1342068?
4
What is the hundreds digit of 26889400?
4
What is the ten thousands digit of 93865?
9
What is the millions digit of 2480622?
2
What is the ten thousands digit of 440